{"id":18084,"date":"2023-07-20T10:32:56","date_gmt":"2023-07-20T14:32:56","guid":{"rendered":"https:\/\/darajapress.com\/?post_type=product&#038;p=18084"},"modified":"2026-03-31T12:33:28","modified_gmt":"2026-03-31T16:33:28","slug":"not-bad-for-a-n-no-pas-mal-pour-un-n-nest-ce-pas","status":"publish","type":"product","link":"https:\/\/darajapress.com\/staging\/publication\/not-bad-for-a-n-no-pas-mal-pour-un-n-nest-ce-pas\/","title":{"rendered":"\u201cNot Bad for a N\u2014, No?\u201d \/ \u00abPas mal pour un N\u2014, n&#8217;est-ce pas? \u00bb"},"content":{"rendered":"<p>Written during the seventy-fifth anniversary celebrations of the publication of Frantz Fanon\u2019s Peau noir, masques blancs (\u201cBlack Skin, White Masks\u201d), \u201cNot Bad for a N\u2014, No?\u201d offers reflections on the circumstances of the publication of this classic work with Fanon\u2019s insights on what he called the attempted \u201cmurder of man\u201d and the urgent need for humanity to become \u201cactional.\u201d<\/p>\n<p>\u00c9crit lors des c\u00e9l\u00e9brations du soixante-quinzi\u00e8me anniversaire de la publication de Frantz Fanon de Peau noir masques blancs, \u00abPas mal pour un N\u2014, n\u2019est-ce pas? \u00bb offre des r\u00e9flexions sur les circonstances de la publication de cette \u0153uvre classique avec les id\u00e9es de Fanon sur ce qu\u2019il a appel\u00e9 la tentative de \u00abmeurtre de l\u2019homme\u00bb et le besoin urgent que l\u2019humanit\u00e9 devienne \u00abactionnelle\u00bb.<\/p>\n","protected":false},"excerpt":{"rendered":"<p>Written during the seventy-fifth anniversary celebrations of the publication of Frantz Fanon\u2019s Peau noir, masques blancs (\u201cBlack Skin, White Masks\u201d), \u201cNot Bad for a N\u2014, No?\u201d offers reflections on the circumstances of the publication of this classic work with Fanon\u2019s insights on what he called the attempted \u201cmurder of man\u201d and the urgent need for humanity to become \u201cactional.\u201d<\/p>\n<p>\u00c9crit lors des c\u00e9l\u00e9brations du soixante-quinzi\u00e8me anniversaire de la publication de Frantz Fanon de Peau noir masques blancs, \u00abPas mal pour un N\u2014, n\u2019est-ce pas? \u00bb offre des r\u00e9flexions sur les circonstances de la publication de cette \u0153uvre classique avec les id\u00e9es de Fanon sur ce qu\u2019il a appel\u00e9 la tentative de \u00abmeurtre de l\u2019homme\u00bb et le besoin urgent que l\u2019humanit\u00e9 devienne \u00abactionnelle\u00bb.<\/p>\n","protected":false},"featured_media":18174,"comment_status":"open","ping_status":"closed","template":"","meta":{"_acf_changed":false},"product_brand":[],"product_cat":[466,149,496,364,148,611,374,245,321,373,138,459,599,265,335],"product_tag":[],"authors":[631],"publisher":[],"class_list":["post-18084","product","type-product","status-publish","has-post-thumbnail","product_cat-africana","product_cat-civics-citizenship","product_cat-colonialism","product_cat-dialectics","product_cat-essays","product_cat-fanon","product_cat-frantz-fanon","product_cat-imperialism","product_cat-leftism","product_cat-philosophy","product_cat-political-science","product_cat-politics","product_cat-politics-and-society","product_cat-racism","product_cat-thinking-freedom","authors-lewis-gordon","first","instock","taxable","shipping-taxable","purchasable","product-type-variable"],"acf":[],"_links":{"self":[{"href":"https:\/\/darajapress.com\/staging\/wp-json\/wp\/v2\/product\/18084","targetHints":{"allow":["GET"]}}],"collection":[{"href":"https:\/\/darajapress.com\/staging\/wp-json\/wp\/v2\/product"}],"about":[{"href":"https:\/\/darajapress.com\/staging\/wp-json\/wp\/v2\/types\/product"}],"replies":[{"embeddable":true,"href":"https:\/\/darajapress.com\/staging\/wp-json\/wp\/v2\/comments?post=18084"}],"wp:featuredmedia":[{"embeddable":true,"href":"https:\/\/darajapress.com\/staging\/wp-json\/wp\/v2\/media\/18174"}],"wp:attachment":[{"href":"https:\/\/darajapress.com\/staging\/wp-json\/wp\/v2\/media?parent=18084"}],"wp:term":[{"taxonomy":"product_brand","embeddable":true,"href":"https:\/\/darajapress.com\/staging\/wp-json\/wp\/v2\/product_brand?post=18084"},{"taxonomy":"product_cat","embeddable":true,"href":"https:\/\/darajapress.com\/staging\/wp-json\/wp\/v2\/product_cat?post=18084"},{"taxonomy":"product_tag","embeddable":true,"href":"https:\/\/darajapress.com\/staging\/wp-json\/wp\/v2\/product_tag?post=18084"},{"taxonomy":"authors","embeddable":true,"href":"https:\/\/darajapress.com\/staging\/wp-json\/wp\/v2\/authors?post=18084"},{"taxonomy":"publisher","embeddable":true,"href":"https:\/\/darajapress.com\/staging\/wp-json\/wp\/v2\/publisher?post=18084"}],"curies":[{"name":"wp","href":"https:\/\/api.w.org\/{rel}","templated":true}]}}

<p>Written during the seventy-fifth anniversary celebrations of the publication of Frantz Fanon’s Peau noir, masques blancs (“Black Skin, White Masks”), “Not Bad for a N—, No?” offers reflections on the circumstances of the publication of this classic work with Fanon’s insights on what he called the attempted “murder of man” and the urgent need for humanity to become “actional.”</p>
<p>Écrit lors des célébrations du soixante-quinzième anniversaire de la publication de Frantz Fanon de Peau noir masques blancs, «Pas mal pour un N—, n’est-ce pas? » offre des réflexions sur les circonstances de la publication de cette œuvre classique avec les idées de Fanon sur ce qu’il a appelé la tentative de «meurtre de l’homme» et le besoin urgent que l’humanité devienne «actionnelle».</p>
